 is the tens digit of j(-3)?
4
Suppose 5*o = 5*a + o - 7, -5*a - o + 17 = 0. Suppose 0 = -5*f - 3*n + 6350, 0 = 2*f + 7*n - a*n - 2526. What is the thousands digit of f?
1
Let d = 425 - 1154. Let x = d + 1055. What is the units digit of x?
6
Let r be (-8 - (0 + -3)) + 4335. Suppose -4*t + 323 + 5448 = -5*d, 0 = 3*t - 2*d - r. Suppose 0 = 12*k + 7*k - t. What is the units digit of k?
6
Suppose 8*w - 5*h = 5*w + 17, 0 = 3*w + 5*h - 7. Suppose 4 = w*j - 2*j. What is the tens digit of j/5 + (-7368)/(-30)?
4
Let d be 3/6*3*206. Suppose -5*z = -3*j - 1421 + d, 1 = j. What is the tens digit of z?
2
Let s(w) = 105*w**2 + w. Let p be s(1). Let u be 75/(-140) + (-4)/(-14) - (-33165)/180. Let r = u - p. What is the tens digit of r?
7
Suppose 0 = -12*q + 13*q - 4*m - 7, 4*m + 16 = 4*q. Let z be q/(-4) - (-63)/36. What is the units digit of 4*(z - (-729)/(-24)*-2)?
7
Let g(q) = q**3 - 11*q**2 + 125*q - 85. What is the thousands digit of g(31)?
3
Let x(d) = 756*d - 51 + 752*d - 1504*d. What is the tens digit of x(16)?
1
Suppose -5*y = -16*y. Suppose 0 = r - y*f + f - 26, 2*r - 60 = -4*f. Suppose r = -3*g + 436. What is the hundreds digit of g?
1
Let o = 68337 - 37823. What is the thousands digit of o?
0
Let r(m) be the third derivative of m**6/120 - m**5/10 + m**4/24 - 5*m**3/3 + 7*m**2. Let d be r(6). Let u(c) = 2*c**2 - 7. What is the tens digit of u(d)?
2
Suppose 15*y - 20*y = -335. Let d = y - 76. Let j = 218 + d. What is the units digit of j?
9
Let t(b) = 7*b**2 + 2*b + 36. Let o be t(8). Let y = o - 280. What is the units digit of y?
0
Let n(o) = -o**3 + 28*o**2 + 60*o - 6. Let i be n(30). Let y(j) = 53*j**2 + 57*j + 21. What is the units digit of y(i)?
7
Suppose -9*r - 5*r + 4326 = 0. Let m = r - 139. What is the hundreds digit of m?
1
Suppose 34 = m - c, -5*m = -c - c - 161. Suppose 3*f = -0*f + 5*x + m, x = 3*f - 11. What is the units digit of (f/3)/(202/66 - 3)?
1
Let j(v) be the first derivative of v**6/120 + v**4/24 + 20*v**3 + 10*v**2 - 27. Let a(n) be the second derivative of j(n). What is the units digit of a(0)?
0
Suppose -4*c - 2*z - 12 = 0, -5*c - 4*z - 4 - 17 = 0. Let s be -4*((-750)/4 - (c - 3)). Suppose 3*o + 200 - s = 0. What is the hundreds digit of o?
1
Let f be (12/(-14))/((-39)/182). Suppose 0 = 3*z - f*l + 6, -4*z + 3*l + 2 = l. Suppose 2*h + 2*h - 258 = -z*m, -249 = -4*h - 5*m. What is the units digit of h?
6
Let h be (2 - 3)*(-20)/5. Suppose -10 = -2*v - 3*w, -4*v + 0*w = h*w - 24. Suppose 0 = -v*s + 200 + 168. What is the tens digit of s?
4
Suppose -5*g - 4*w = 590, 0*w - 3*w + 503 = -4*g. Let n = g + 164. What is the units digit of n*(-5 - (-5 + -4))?
8
Let f(r) = -r**3 - 9*r**2 + 264*r - 275. What is the thousands digit of f(-41)?
2
Suppose 85*a - 823832 = 18*a. What is the hundreds digit of a?
2
Suppose -339 = -4*d + 833. Let z be 4*((-545)/12 - 28/(-42)). Let a = d + z. What is the units digit of a?
4
Let v(q) = 100*q**2 + 35. What is the tens digit of v(-5)?
3
Let q be (1 + 1)/((-10)/(-25)). Let d(f) = -9*f + 5*f + 22 + f + 6*f**2 + 3*f. What is the hundreds digit of d(q)?
1
Let x(o) = -2*o**3 - 21*o**2 + 6*o + 31. Let f be (-222)/18 + 36/27. What is the units digit of x(f)?
6
Suppose 2*y - 5 = -u - 0*u, -y + 3*u - 1 = 0. What is the tens digit of 396 - ((-2)/y - -7)?
9
Let y = -3395 + 8167. Suppose 4*s = -5*h + 6370, 3*s + 4*h - 3*h - y = 0. What is the tens digit of 5/15 + s/9?
7
What is the ten thousands digit of 44*31/3751 + 272620/11?
2
Let w(y) = 10527*y**3 + y**2 - 17*y + 15. What is the units digit of w(1)?
6
Suppose 124*s - 21 = 121*s, -3*d + 3*s + 39057 = 0. What is the ten thousands digit of d?
1
Let d(o) = 59*o**2 - 133*o + 221. What is the hundreds digit of d(-21)?
0
Suppose -4*d + h = 2*h + 27, -2*d + h = 9. Let j = 5 + d. What is the tens digit of -3 - -2 - (-100)/(3 + j)?
4
Let f(j) = -j**2 + 5*j + 16. Let y be f(7). Suppose -m - s + 4*s = -94, -4*m - y*s + 376 = 0. What is the tens digit of m?
9
Let i = 243 + -213. What is the tens digit of ((50/(-15))/1)/((-4)/i)?
2
Let y(u) = 9 - 46*u + 11 + 122*u**2 - 123*u**2. What is the hundreds digit of y(-30)?
5
Let n(w) be the first derivative of -w**4/4 - 11*w**3/3 + 11*w**2/2 + 26*w + 4. Let l = -465 + 453. What is the units digit of n(l)?
8
Let b(m) = -m + 60*m**2 + 87*m**2 - 25*m**2 - 2 + 26*m**2. Let u be b(-1). Suppose 0 = 3*r - 4*g - u - 122, -5*r = 5*g - 425. What is the units digit of r?
7
Suppose -5*b = -2*d + 21, -4*d + 5 = b - 4. What is the hundreds digit of b/(-2)*(-10062)/(-27)?
5
Let w = 64985 + -43754. What is the units digit of w?
1
Let r = 50 + -46. Suppose -4*v = 3*x - 16, r*v - 3*x + 4 = 20. Suppose -2*b + 81 = -0*t - t, 3*b + v*t = 138. What is the units digit of b?
2
Suppose -15 = -21*u + 132. Let s(l) = 21*l**2 + l - 16. What is the tens digit of s(u)?
2
Let u(t) = -193*t**3 + 2*t**2 - t - 2. Let r be u(-2). Suppose 15*o - r - 1733 = 0. What is the hundreds digit of o?
2
Let d be 2024/6 - ((-35)/21 - -2). Suppose -3*r + d = -845. What is the tens digit of r?
9
Let m = 9 - 6. Suppose m + 17 = 5*u - 4*k, 0 = -3*u - 3*k + 12. Suppose y = -0*f + f + 124, -2*y = -u*f - 242. What is the hundreds digit of y?
1
Let m be (-34)/(-8) - 2/8. Let c(g) = g**3 - 4*g**2 - g + 6. Let s be c(m). Suppose 303 = -s*i + 5*i. What is the units digit of i?
1
Let v = 3296 + 358. What is the tens digit of v?
5
Let b be 1806/91 + 2/13. Let h = b + 76. What is the units digit of h?
6
Suppose 2*f - 7*f = 0. Suppose -5*r + h + h - 2 = 0, 4*r - 3*h + 3 = f. Suppose -4*i + r*i = -4*d + 464, 4*d - 443 = -3*i. What is the units digit of d?
3
Suppose 3*l - 3*s - 15 = 0, -3*l = -l - s - 7. Suppose -16 = -3*d + l*d + u, -48 = -2*d - 2*u. What is the units digit of 16/1*(d + -12)?
8
Suppose o + t = 6*t - 465, 2*o + 2*t = -906. Let m = o - -916. What is the units digit of m?
1
Let d(s) = -160*s**3 - 24*s**2 - s + 11. What is the hundreds digit of d(-4)?
8
Let m(j) = j**3 + j**2 - 6*j - 4. Let u be (-4 + 5)*(3 - -2). Let p be m(u). Suppose -115*b = -p*b + 53. What is the tens digit of b?
5
What is the ten thousands digit of 19618794/351*(1/(-1))/(-2)?
2
What is the units digit of 4/(-54) + (-8111081)/(-513) + -12?
9
Let x = -6163 - -11804. What is the thousands digit of x?
5
Suppose 5*a + 4*t - 11066 = 0, a - 1901 - 293 = 4*t. What is the thousands digit of a?
2
Let k(o) = -7*o + 272. Let n(u) = -3*u + 24. Let b be n(8). What is the units digit of k(b)?
2
Let y(t) = 746*t**2 - 2*t + 4. Let p be y(-3). Suppose 14*r = -536 + p. What is the tens digit of r?
4
Let h(b) = -3*b - 3. Let j be h(15). Let u = j + 50. Suppose -5*n + 3*q + 2*q + 340 = 0, u*q = n - 72. What is the tens digit of n?
6
Let s(i) = 2704*i**2 + 42*i + 74. What is the hundreds digit of s(-2)?
8
Let j be -19 - -4 - -7 - -249. Suppose -236*y = -j*y + 765. What is the hundreds digit of y?
1
Let w(o) = 795*o**2 + 5*o + 17. What is the units digit of w(4)?
7
Suppose 0 = -45*x + 62*x - 22627. Let f = x + 336. What is the units digit of f?
7
Let p(a) = -a**2 - 2*a - 1. Let i be p(-3). What is the units digit of (i/3)/(2562/(-2556) + 1)?
8
Suppose -a = -4*g + 2*a + 24, -3*a = 12. Suppose d = 5*t + 169, d = -0*d + g*t + 175. What is the tens digit of d?
8
Let d be (-11216)/(-72) - (-6)/27. Suppose -d = 3*g - q, 3*q - 213 = -0*g + 4*g. Let i = 143 + g. What is the units digit of i?
2
What is the ten thousands digit of -13 + (-21 + 16 - -27127)?
2
Suppose 0 = 2*t - 5 - 37. Suppose -168 = t*b - 17*b. What is the tens digit of ((-14)/b)/(1/510)?
7
Suppose -31*v + 32662 = 2375. Let n = v + -182. What is the units digit of n?
5
Suppose 0 = 2*o - 3*b - 7943, -34*o + 38*o + b = 15851. What is the units digit of o?
4
Let q be (-2)/5 - (-13 - 276/(-60)). Suppose q*y - 2352 = 6600. What is the hundreds digit of y?
1
What is the hundreds digit of 130968/8 + (-296)/(-37)?
3
Suppose -4 = -2*i - 3*y, -4*i = -3*y - 0 - 26. Let w(b) = 2*b**3 - 3*b**2 - 9*b - 2. Let f be w(i). Let n = f + -47. What is the tens digit of n?
8
Let o be 72/(-1 - -4)*(-1)/(-2). Suppose 7623 = o*w + 1323. What is the tens digit of w?
2
Let p = 20398 + -5252. What is the ten thousands digit of p?
1
Let z(v) = -6*v**2 - v + 34. Let h be z(-18). What is the units digit of (-4)/(-6) - (h/6 + -1)?
7
Let f(a) = -39*a - 195. Let b be 7 + (-14 - -4) - 3. What is the 